pose -d + r = 0, -15*r = 4*d - 16*r - 18. Calculate the highest common divisor of k and d.
3
Let k = -131 + 194. Suppose z + 3*r - k = 0, 0*z - z - 4*r + 63 = 0. Let m be ((-9)/6)/(9/(-42)). Calculate the greatest common divisor of z and m.
7
Let h = -50809 - -78459. Calculate the highest common factor of 14 and h.
14
Let p(u) = u**2 + 13*u + 1. Let w be p(-14). Let m be 3/(12/4) + w. Suppose -2*i + 48 = -m. Calculate the greatest common factor of 80 and i.
16
Suppose 2*a = 4*v - 2292, 0 = 3*v + 4*a - 2296 + 544. What is the highest common factor of 36 and v?
36
Let h(p) be the third derivative of -p**6/120 + p**5/15 + 5*p**4/24 + p**3/2 - 24*p**2. Let j be h(5). Calculate the highest common factor of j and 1.
1
Suppose -81 - 32 = -5*d + 3*r, -3*r = 5*d - 137. Calculate the greatest common factor of d and 1925.
25
Let v = 28 + 0. Let s(g) = -1123*g - 15624. Let u be s(-14). What is the greatest common divisor of v and u?
14
Let z = -115 - -214. Suppose -5*k + s + 40 = 0, 0 = -2*k + 4*s - 30 + 28. Calculate the highest common divisor of k and z.
9
Let v be 360/(-570)*57/(-6). What is the greatest common divisor of v and 1962?
6
Suppose 159 - 19 = -14*o. Let k(v) = 6*v + 116. Let g be k(o). Calculate the highest common divisor of g and 126.
14
Let s(z) = 33*z - 471. Let m be s(16). Calculate the highest common divisor of m and 1349.
19
Let c be (-4 - 2)*84/(-18). Let g(x) = -x**3 - 2*x**2 - 8*x - 5. Let i be g(-3). Let o be i/2 - (8 + -8). What is the highest common divisor of c and o?
14
Let y(s) = -3*s**3 - 99*s**2 + 61*s - 68. Let m be y(-34). What is the highest common factor of m and 624?
78
Suppose h - 3*v - 15 = 0, -5*h - 5*v - 16 = -171. Suppose 2*k + h - 83 = u, -5*k + 4*u + 143 = 0. Calculate the greatest common divisor of k and 216.
27
Let f be (-24)/(-20)*(-1260)/(-54). Suppose 4*v + 3*j = 75, -v + 22 - 4 = j. Calculate the greatest common factor of v and f.
7
Let s(x) = -x**3 + 10*x**2 - x + 13. Let b be s(10). Suppose 28*i + b*i = 2139. Calculate the highest common divisor of 23 and i.
23
Let o(p) = 6*p**3 - 288*p**2 + 3*p - 108. Let l be o(48). Let m(u) = -u**3 + 4*u**2 + 1. Let v be m(2). Calculate the greatest common divisor of l and v.
9
Suppose 11*z - 1940 = 2988. Calculate the highest common divisor of z and 2128.
112
Let j(k) = -2*k + 8. Let o = -84 + 25. Let h = 52 + o. Let n be j(h). Calculate the greatest common divisor of 2 and n.
2
Let s = 154 + -164. Let t(m) = m**3 + 11*m**2 + 10*m + 18. Let o be t(s). What is the greatest common divisor of o and 78?
6
Let j(y) = y**2 - 43*y + 171. Let r be j(39). Let d be 4/(-3)*1*-3 + 461. Calculate the highest common factor of d and r.
15
Let j = 4600 + -4598. Let m = -12 + 56. Suppose -2*p = -4*f - 112, -p + m = 2*f - 0*f. What is the highest common divisor of p and j?
2
Let x = -10243 + 22345. What is the greatest common factor of x and 6?
6
Suppose -12181 = -3*z - 5*i, -2*z = -i - 2183 - 5955. What is the highest common factor of z and 98?
49
Let n(o) = o**3 + 4*o**2 + 6*o + 1. Let v be n(-2). Let t be v/2 + (-9860)/(-40). What is the highest common divisor of 147 and t?
49
Suppose 0 = -5*b - 29 + 99. Let p(t) = -189*t**3 + 5*t + 1. Let c be p(-2). Suppose 12*d = 345 + c. What is the highest common divisor of d and b?
14
Suppose -5*r + 1480 = -5*z, -r - 29*z = -26*z - 296. Calculate the highest common factor of 88 and r.
8
Suppose -24*h - 4*c + 883 = -19*h, -5*c - 340 = -2*h. What is the greatest common factor of h and 10?
5
Suppose 0 = 4*q + 5*l - 677, 4*q + 3*l - 757 + 82 = 0. Calculate the greatest common divisor of q and 32.
8
Let z(b) = -4*b - 18. Let s be z(-7). Suppose 2*l + s = g, -g - 5*l + 65 = g. Let o be (-4)/14 + 704/14. Calculate the highest common divisor of o and g.
10
Let d(s) = -128*s - 626. Let l be d(-5). What is the greatest common divisor of l and 2002?
14
Let b(n) = 5*n**2 + n - 3. Let i be b(0). Let w be i - 14/(-4) - (-321)/6. What is the highest common divisor of w and 72?
18
Let b = -206 + 179. Let d be 33 - (-3 + b)/(-5). Calculate the highest common factor of 135 and d.
27
Let l(x) = -125*x**2. Let f be l(-1). Let k = f - -150. What is the greatest common factor of k and 10?
5
Let d be (-6)/(-8)*(-80 + 104). Calculate the greatest common factor of d and 1614.
6
Suppose 8*n - 12*n + 12 = 2*r, 7 = 3*r - 5*n. Let t be 2*(-1)/(2/(-17)). Suppose r*p = 101 - t. Calculate the greatest common divisor of p and 168.
21
Let h = -124 + 134. Suppose 0 = -h*l - 76 - 14. Let n(a) = -a**3 - 7*a**2 + 19*a + 11. Let y be n(l). Calculate the highest common divisor of y and 50.
2
Let o be (-6 - 48/(-10))*10*2/(-4). Calculate the highest common factor of 538 and o.
2
Let d = -301 + 249. Let o be d/117 - (-278)/18. Let l(y) = 19*y + 3. Let z be l(3). What is the highest common divisor of o and z?
15
Let v be 1 + 4*8/32. Let i be 6/(-4) - (3795/v)/(-5). Calculate the highest common factor of 108 and i.
54
Suppose -16*u = -12*u - 8. Let l be 16/104 + 24/13 + 2. Suppose -l*f - 40 = -u*b, -3*b - 4*f + 5*f + 50 = 0. What is the greatest common factor of b and 176?
16
Let d(n) = 615*n + 12. Let h be d(-2). Let p be ((-2)/(-4))/((-7)/h). What is the greatest common divisor of p and 29?
29
Let h(s) = 7*s - 133. Let n be h(-14). Let y be 153*(-55)/n - 3/7. Calculate the greatest common factor of y and 90.
18
Let i = -2 - -3. Suppose 18 = s + g, 19*s - g = 21*s - 41. Suppose 3*r - 182 = -s*r. Calculate the greatest common divisor of i and r.
1
Suppose 3*f - 25 + 8 = 2*n, -5*n - 15 = -2*f. Suppose 3*v - 102 = -2*l, -l + 169 = f*v + 2*l. Calculate the greatest common factor of 24 and v.
8
Suppose -46*z + 3965 + 3705 = 13*z. Calculate the greatest common factor of z and 598.
26
Let w be 3*183/9*-2. Let q be 2 + (0 - 28)*7. Let k = w - q. What is the greatest common divisor of k and 8?
8
Suppose 64*f + 1014 = 70*f. Suppose -43 = 14*k - f. What is the greatest common factor of 1 and k?
1
Let b be 3/11 - 51408/99. Let w = 555 + b. What is the highest common factor of 36 and w?
36
Suppose 24*x - 283008 = -21*x - 21*x. Calculate the greatest common divisor of x and 335.
67
Suppose -6*c = -0*c - 48. Suppose -c*b = -5*b. Suppose b*w - 69 = -2*v + w, 3*v = w + 105. What is the highest common divisor of v and 48?
12
Suppose -188*g + 183*g + 15 = 0. Suppose 4*q + 150 = 3*k, -33 = -g*k - 3*q + 138. Calculate the highest common divisor of 30 and k.
6
Let t be 8/(-4)*(1 - 6/4). Suppose 5*o - 30 = -i, 0 = 2*i - o - 4 - t. Calculate the greatest common factor of i and 1.
1
Let x = 13 + 42. Let y = 1626 - 1131. Calculate the highest common divisor of x and y.
55
Suppose 3*k - 12 + 3 = q, 5*q - 2*k = -6. Suppose -h - 4*h = -3*c - 1890, q = -4*c. Calculate the greatest common divisor of h and 28.
14
Let v = 2179 - 1959. Calculate the highest common divisor of 1210 and v.
110
Suppose -244*t + 13857 = -5418 - 19765. Calculate the greatest common divisor of t and 416.
32
Let t be (-28)/(-294) - (-508)/(-42). Let a be ((-414)/t - -2)*14. Calculate the greatest common divisor of 7 and a.
7
Suppose 16*m = 8*m + 640. Let s be (m/4)/((-2)/(-4)). What is the highest common divisor of 24 and s?
8
Let o be 13/(-52) - ((-195142)/24 + (-5)/15). Calculate the highest common divisor of o and 47.
47
Suppose -4*h + 62774 = 5*i, 4*i - 4*h - 52723 = -2547. Calculate the greatest common divisor of 150 and i.
50
Let b = -261 + 202. Let g = b + 62. Calculate the greatest common factor of g and 4.
1
Suppose 2*k + 0 = 4. Suppose 5*y = 3*s + 72, s + 2 + k = 0. Let h = -200 - -296. What is the greatest common divisor of y and h?
12
Let v = 0 - 8. Let a(x) = x**3 + 8*x**2 - 5*x + 6. Let c be a(v). Let m = 11999 + -11585. What is the greatest common factor of c and m?
46
Let g be 336/(-63)*4*3/(-4). Calculate the highest common factor of 1 and g.
1
Let t = 2438352 + -2438346. Let q(u) = -u**2 + 5*u - 2. Let o be q(4). Suppose 6 = -d + o*d. Calculate the highest common factor of t and d.
6
Let a(h) = -h**3 - 2*h**2 - 37*h + 3114. Let i be a(0). Calculate the greatest common factor of 18 and i.
18
Let l(z) = 2*z - 10. Let n be l(10). Suppose -9 = f - n. Suppose -f = 2*m + 7, 0 = -4*r - m + 4. What is the greatest common factor of r and 3?
1
Let d = 8 - -12. Let y(z) = -z**2 + 20*z - 7. Let g be y(d). Let t = 4 - g. Calculate t